3 - 2?
254411211
In base 10, what is -246768193 - 5?
-246768198
In base 5, what is 310 - 101040032?
-101034222
In base 10, what is -94488 - -36?
-94452
In base 6, what is 3515250 + 1532?
3521222
In base 2, what is -1 - -110110101010101000111?
110110101010101000110
In base 13, what is -328593 + 132?
-328461
In base 2, what is 10101011001001100011111100 - -1?
10101011001001100011111101
In base 6, what is -332 - 320505?
-321241
In base 12, what is 35b65 + -31b?
35846
In base 6, what is -30 - 40542152?
-40542222
In base 3, what is -2102 + 120212102120?
120212100011
In base 9, what is 24 + 846833?
846857
In base 2, what is -1101 - 111000110100110000100100?
-111000110100110000110001
In base 9, what is 12 + 208770343?
208770355
In base 4, what is -20030110 + -121010?
-20211120
In base 16, what is db178 + -c?
db16c
In base 7, what is 66 - 1333262?
-1333163
In base 15, what is -5 + -34292eb?
-3429301
In base 16, what is -5c241 - -4f?
-5c1f2
In base 3, what is 221210 - -112102121?
120101101
In base 12, what is 2112 + -48661?
-4654b
In base 13, what is 232 + -5989?
-5757
In base 15, what is 1ee8d + 39?
1eec7
In base 13, what is -a72c - 3886?
-112b5
In base 6, what is -113310115035 + -1?
-113310115040
In base 11, what is 104 - 62809?
-62705
In base 10, what is 173 + 769200?
769373
In base 10, what is -340 - 17401?
-17741
In base 14, what is 2a9da442 + 0?
2a9da442
In base 12, what is -28b061 - -42?
-28b01b
In base 16, what is 0 - -24bce7b?
24bce7b
In base 3, what is -2122111022201120 - 11?
-2122111022201201
In base 13, what is -191205 - 73?
-191278
In base 15, what is -882 - -3c7?
-4aa
In base 5, what is 21 - -340411244?
340411320
In base 5, what is 4433433 + 344?
4434332
In base 16, what is 270648d - 1?
270648c
In base 3, what is -12220002101 - 2212?
-12220012020
In base 6, what is -11143444 - -104?
-11143340
In base 8, what is 7130710 + -44?
7130644
In base 9, what is -18544221 + 5?
-18544215
In base 16, what is 1b1d + 3991?
54ae
In base 9, what is 6657 + -7226?
-458
In base 13, what is 30b7 - -401c?
7106
In base 5, what is 212144 - -442410?
1210104
In base 16, what is 3 - 129735?
-129732
In base 4, what is -22012 + -101212231?
-101300303
In base 5, what is -132222 - -4034?
-123133
In base 3, what is 1110212120211 + 11111?
1110212202022
In base 13, what is 161351bc + -2?
161351ba
In base 8, what is 34 - 126727151?
-126727115
In base 9, what is -618 - 766721?
-767440
In base 16, what is 50e89e7 + 6?
50e89ed
In base 7, what is 54 - 1221343?
-1221256
In base 13, what is -2b01 - 445a?
-725b
In base 7, what is 2146613053 + -4?
2146613046
In base 7, what is -4 + -11132240?
-11132244
In base 15, what is -3 + 1e886ae8?
1e886ae5
In base 5, what is 24322022142 - 4?
24322022133
In base 5, what is -133320242112 + 0?
-133320242112
In base 6, what is -101223 - 14550?
-120213
In base 8, what is 731370534 - 4?
731370530
In base 16, what is -4f7bc2 + 0?
-4f7bc2
In base 6, what is -3 + -134511?
-134514
In base 16, what is -6d64e55 + -1?
-6d64e56
In base 14, what is 2161cc7 - 3?
2161cc4
In base 4, what is 13003000200 - -121?
13003000321
In base 16, what is -315d + 703d?
3ee0
In base 14, what is 11221b3 - -27?
11221da
In base 2, what is 100 - 101011001100111001000?
-101011001100111000100
In base 3, what is 1 - 2222002002010111?
-2222002002010110
In base 6, what is 23243432 + 5?
23243441
In base 13, what is 16 - 38186b?
-381855
In base 7, what is 12453544 - 0?
12453544
In base 10, what is -2 - 22980319?
-22980321
In base 2, what is 1000000011111111111111011110 - -1?
1000000011111111111111011111
In base 3, what is 111210 - -221122?
1110102
In base 8, what is -2552 + 1160753?
1156201
In base 2, what is -1111110101 + 1100100110100000?
1100010110101011
In base 13, what is 2b92 - 341?
2851
In base 9, what is -260837122 + -5?
-260837127
In base 4, what is -1 + -202110103310?
-202110103311
In base 4, what is 302031 - -3221?
311312
In base 11, what is 98 - -5428?
5515
In base 2, what is 11111000110100011100000001 + -1011?
11111000110100011011110110
In base 8, what is -63666242 - -3?
-63666237
In base 2, what is 10011010011111010 - 11111000?
10011010000000010
In base 14, what is 69ca + -2c0?
670a
In base 14, what is 1730 + -379c?
-206c
In base 10, what is -2339535 - 499?
-2340034
In base 3, what is -1 + 212011000011?
212011000010
In base 4, what is 2012 + -23030201?
-23022123
In base 2, what is -1000001011110011011011 + -111?
-1000001011110011100010
In base 5, what is -122 - 133041242?
-133041414
In base 2, what is -10110010001000111111011 - -11?
-10110010001000111111000
In base 15, what is 10 + -1684aa?
-16849a
In base 15, what is -2594494 - 13?
-25944a7
In base 4, what is -3002010200 + -123102?
-3002133302
In base 9, what is 3514 + 5132?
8646
In base 2, what is 101001101 - 1001001010101101011?
-1001001010000011110
In base 12, what is -3 + 78a1a3?
78a1a0
In base 11, what is -67 + 29a0?
2934
In base 15, what is 69 + -142bc?
-14253
In base 12, what is 3 + 4448b8a?
4448b91
In base 3, what is 1011 + -21200110?
-21122022
In base 4, what is 1110232 - -3300?
1120132
In base 16, what is 4a3f + a?
4a49
In base 11, what is -2903138 - -4?
-2903134
In base 8, what is -7 + 2237615?
2237606
In base 4, what is 20133210321 + 3033?
20133220020
In base 5, what is -10043434013 + -10?
-10043434023
In base 4, what is -22101313210300 + 1?
-22101313210233
In base 16, what is a182 + 1ff?
a381
In base 13, what is -1c27c42 + -6?
-1c27c48
In base 8, what is 53551200 - 0?
53551200
In base 11, what is -496 + 1242a?
11a44
In base 8, what is -152516420 - -2?
-152516416
In base 8, what is -51 - 4032352?
-4032423
In base 2, what is -1101011 - -10111000001101001?
10110111111111110
In base 8, what is -21576472 + 4?
-21576466
In base 7, what is -4521120 + 602?
-4520215
In base 16, what is 3d98360 - -5?
3d98365
In base 3, what is -1212022210 - -111020?
-1211211120
In base 3, what is -21101122 + -1021121?
-22200020
In base 15, what is 17 - 2c80e50?
-2c80e38
In base 6, what is 5 + -40443234?
-40443225
In base 14, what is 4 - 4d74a25?
-4d74a21
In base 7, what is -112233 - 20513?
-133046
In base 14, what is 77d + 8263?
8a02
In base 14, what is -bdd + 1531?
732
In base 11, what is 65311 + -123?
65199
In base 14, what is 5 - 2438a2?
-24389b
In base 11, what is 652522 - 7?
652516
In base 7, what is 11106 + 1205456?
1216565
In base 2, what is -10100011101110111 - 100101111000?
-10101000011101111
In base 14, what is -8 + 4d58978?
4d58970
In base 6, what is 11013022 + -5340?
11003242
In base 12, what is 3 - 61323?
-61320
In base 13, what is -1c53b9 - 121?
-1c550a
In base 13, what is 605 - -16c422?
16ca27
In base 11, what is -295358 - 766?
-296013
In base 13, what is 100a70 - -a?
100a7a
In base 6, what is -25332454 - -30?
-25332424
In base 16, what is 1f - 25c8a?
-25c6b
In base 10, what is 22 + 734350?
734372
In base 11, what is -1a73 + 5095?
3122
In base 10, what is 45 + 3845332?
3845377
In base 15, what is e2ad8b - -5?
e2ad91
In base 12, what is 80 + -6580?
-6500
In base 16, what is -2568 + 35bb?
1053
In base 4, what is -1030011230210 + -32?
-1030011230302
In base 11, what is a + -157a9805?
-157a97a6
In base 14, what is -101da30 - -5?
-101da29
In base 13, what is 23a75378 - 0?
23a75378
In base 12, what is 4158 + -4630?
-494
In base 3, what is 2212112 + -1202222200?
-1200010011
In base 15, what is -5 + -11d58dd?
-11d58e3
In base 14, what is 7b4c0 + -45?
7b479
In base 14, what is -4557 + -d91?
-5508
In base 11, what is 0 - -1529a076?
1529a076
In base 13, what is 3784844 + a?
3784851
In base 14, what is -7a8 - -751?
-57
In base 9, what is -180 - 5828?
-6118
In base 6, what is -2 - 330312133?
-330312135
In base 4, what is -1023232 - 22221130?
-23311022
In base 15, what is -44 + -b9484?
-b94c8
In base 4, what is 113331331 - -3031?
120001022
In base 2, what is -1001010000 + 11111111001010?
11110101111010
In base 13, what is 3459 + -852?
2907
In base 12, what is 1 + 3117599a?
3117599b
In base 12, what is 143a952 - -92?
143aa24
In base 13, what is 6 + -c43931?
-c43928
In base 6, what is -2311321143 - 4?
-2311321151
In base 4, what is 302 - 203133022020?
-203133021112
In base 11, what is 355 - 11916?
-11571
In base 12, what is -589 - -6503?
5b36
In base 8, what is 614440 + 2670?
617330
In base 16, what is 1b + -3bada1?
-3bad86
In b